13. Let r be i(-6). Suppose u - 3*z + 502 = 4, 2*z + 1450 = -3*u. Let g = r + u. Is g a composite number?
False
Suppose -12*v + 1760977 = 8*v - 559483. Is v a prime number?
False
Suppose 0 = -b + 3*m - 20081, 3*b + b - 2*m = -80334. Let p be 1 - (b/12 - 4/(-6)). Is p + 1 - 12/8*-2 prime?
False
Let x(p) = -328*p**3 - 12*p**2 + 29*p + 319. Is x(-14) prime?
True
Let t be (-432688)/(-14) - 24/84. Suppose -9*p + 7983 = -t. Is p prime?
False
Suppose -4*q + 2*y = -12, 4*q + y - 18 = -6. Let z(j) = 3*j**2 + 2*j**3 + 1 + 5*j**3 - 25*j**q - 7*j**2. Is z(-3) composite?
True
Let n(u) = -u**2 + 14*u + 78. Let q be n(18). Suppose 0 = -6*y - q*y + 14916. Is y a prime number?
False
Let q = -258166 + 538279. Is q a prime number?
False
Let l(p) = 127*p**2 - 471*p + 153. Is l(38) prime?
False
Let f(l) = 16 - 200*l + 8*l**2 + 395*l - 222*l. Is f(-15) a prime number?
True
Suppose 5*b = -3*v + 25, v - 5*b = -4*b - 5. Suppose 0 = 4*p + 2*y - 6930, -5*p - 2*y = -v*p - 8663. Is p prime?
True
Suppose 5*t - 4*m + 864573 - 13490822 = 0, 4*t - m - 10100997 = 0. Is t prime?
True
Let c = -167 - -173. Suppose -p - 2*p + 432 = 0. Suppose c*d - 134 = -z + 3*d, d - p = -z. Is z a composite number?
False
Let n(u) = 5*u**2 + 2*u - 5. Let j be n(-3). Suppose -j - 2 = 4*y. Is (-3225)/y + (-8)/(-12) a composite number?
False
Let z(j) be the first derivative of -25*j**2 - 445*j - 291. Is z(-58) composite?
True
Let p(h) = 14*h - 223 + 47*h + 67*h - 76. Is p(36) composite?
True
Let z = -16983 - -25156. Is z prime?
False
Let l be (-7 - 1)*-157 + -7. Suppose -p + l = -1470. Is p a prime number?
True
Let g be 32/(-176) + 1546*(-3)/22. Let q = g + 439. Suppose 3*w - q = 345. Is w a prime number?
True
Let h be 15/(-12)*(4 + -2 + 2). Is (-10)/(-20)*(3 + h + 22228) a composite number?
False
Let p = -54 + 49. Is 3 + (38058/4 - p/10) composite?
True
Let j(c) = 137*c + 545. Let i be j(-4). Let a = -61 + -57. Let k = i - a. Is k prime?
False
Suppose 33*h - 540843 - 64014 = 0. Is h a composite number?
False
Let p = 19179 - -7984. Is p composite?
True
Let j = -52 - 2. Let n = j - -52. Is (-1164)/(-9)*(-3)/n composite?
True
Suppose -28*w + 10 = 94. Is -14902*((-1)/w)/((-14)/21) a prime number?
True
Suppose 20*v - 445440 = 5*v. Suppose 37*d = 219425 + v. Is d prime?
True
Let m(r) = 119*r**3 + 4*r**2 + 7*r - 39. Suppose t = -5*t + 30. Is m(t) composite?
True
Let z(l) = 59*l**2 - l - 21. Let n be z(8). Let q be 1 - (-6)/((-18)/n). Is (1/2*-19)/(48/q) prime?
False
Let q(g) = g**2 + 12*g - 8. Let s be q(-13). Suppose -3*k - 3893 = -s*i, i + 2*k = 186 + 590. Is i prime?
False
Let p(c) = -420*c + 12. Let b be p(3). Let k = -11 - -9. Is 3/9 + (b/(-9) - k) a prime number?
False
Suppose -4*a = -29*x + 24*x - 2095513, -x = -2*a + 1047743. Is a a prime number?
True
Let r(v) = -4*v**2 + 48*v. Let k be r(12). Suppose -h + 2*l = -9489, k = -2*h - 2*h + 5*l + 37944. Is h a composite number?
True
Suppose -14*h + 137662 = -304920. Is h a composite number?
True
Let m = 1 - -28. Let w = -25 + m. Suppose -u - w*o = u - 754, 3*o = u - 382. Is u a prime number?
True
Suppose 14 = 4*m + 6. Suppose -82 = m*j - 286. Suppose -j*w = -97*w - 27015. Is w prime?
False
Suppose -98*x + 101*x - 2169 = 0. Let v be 6/(-15) + (-12)/(-5). Suppose v*n - 6 = 0, n - x - 321 = -3*a. Is a prime?
True
Let i = -24866 - -39837. Is i composite?
True
Suppose -4*h = -20 - 4. Let q be (8/14)/((-2)/(-7))*(-21)/(-14). Suppose -5*s + 2*u = -9665, -q*u - 1916 = -s - h*u. Is s composite?
False
Is 245/1715 + 5/(105/37678176) a prime number?
False
Let t(f) = -f**3 + 4*f**2 - 3*f + 2. Let y be t(3). Let i(v) = 3*v - 58*v**y + 61*v**2 + 1 + 0 - 936*v**3. Is i(-1) prime?
True
Let u(q) = 8988*q - 1129. Is u(3) prime?
False
Let w = 459 + -350. Suppose 105*l + 3832 = w*l. Is l a prime number?
False
Let b = -257840 - -630213. Is b a prime number?
False
Let m = -3379 + 6343. Suppose -m = -7*h + 21473. Is h prime?
True
Let q = -16 + 16. Suppose 4*b - b - 3150 = q. Let u = 127 + b. Is u composite?
True
Let c(o) = -3*o**3 + o**2 + 9. Let r(s) = s**2 + 6*s + 9. Let m be r(-5). Suppose -5*y - 2*p - 24 = -m*p, 0 = -5*y + p - 22. Is c(y) a composite number?
True
Let j(x) be the first derivative of -x**4/4 - 7*x**3/3 + 3*x**2 + 4*x + 11. Let y be j(-8). Is 1774/2 + 0*5/y composite?
False
Suppose -3*o = -4*y + 23156, -7719 = o - 3*y + 2*y. Let c = 13727 + o. Is c composite?
False
Let k be -4 + (-53688)/(-18) - 8/12. Let o be (2 - 2)/(6/(-6)). Suppose o = 4*y - 5*v - 5743 - k, 2180 = y - v. Is y a composite number?
False
Suppose 4603755 = 31*p + 71*p - 63*p. Is p a composite number?
True
Let n(d) = 383*d**2 + 124*d - 212. Is n(-21) a composite number?
True
Suppose 2348*u - 350393 = 2317*u. Is u a composite number?
True
Let m(r) = -1356*r**3 + 14*r**2 + 95*r + 67. Is m(-6) a prime number?
False
Let j(f) = -5*f**3 - f**2 - f - 1. Let x be j(-2). Let v = x - 36. Let b = 210 + v. Is b a composite number?
False
Let i(a) = -6*a**3 - 73*a**2 - 25*a + 73. Is i(-31) composite?
False
Suppose 0 = 5*x + 4*o - 11594906, -3*o + 5573890 = 2*x + 935922. Is x a prime number?
False
Let a = 12045 - -11714. Is a a composite number?
True
Suppose 0 = 14*h - 19*h - 5. Let r be h/(-4)*4 + 2. Suppose -9*m + 1506 = -r*m. Is m composite?
False
Suppose 191248 = 4*l - 3*r, -67*l + 143411 = -64*l + 4*r. Is l a composite number?
False
Let v = 151789 + -57938. Is v composite?
False
Let y(j) = 10*j**2 + 6*j - 5. Let n = 8 - 2. Let r be y(n). Suppose -5*v - 4*m + r = -2*m, 388 = 5*v + m. Is v composite?
True
Let u be -4 + (-137)/(-2)*2924/34. Let h = u + 2014. Is h a prime number?
True
Suppose 3*b = -1 + 7. Suppose 4*d - 10 = -b. Suppose -p - p + 352 = -d*u, p = -4*u + 191. Is p a composite number?
False
Let s(d) = -2097*d**3 - 3*d**2 - 4*d - 3. Let w be s(-1). Suppose 14*v = 9*v + w. Is v prime?
True
Let v(p) = -2*p**3 - 214*p**2 + 140*p + 213. Is v(-110) a prime number?
True
Suppose 4*n - 3*o - 76 = 0, -6*n + 3*o + 92 = -n. Suppose v - 20 = -3*v + x, -n = -2*v - x. Is v/15 + 17532/20 a prime number?
True
Let k be (5*(-2)/15)/((-8)/60). Suppose k*b + 2*d - 433 = 0, -5*b + 20*d - 24*d + 441 = 0. Is b composite?
True
Suppose 5*i = 4*c + 61 + 33, 2*i + 30 = -c. Let r = 823 + c. Is r a prime number?
True
Let c(y) be the second derivative of -y**4/3 - 11*y**3/3 - 7*y**2 + 4*y. Let i be c(-15). Is (-1 + 2)/(-1*4/i) a composite number?
True
Let k be 14/4*(-24)/42. Is (k/(-4))/(393/390 - 1) prime?
False
Let u = -285 + 285. Is (1/((u - -4)/(-23860)))/(-1) a prime number?
False
Let m(z) = 5*z**2 + z + 2. Let p(l) = -9*l**2 - 2*l - 3. Let g(c) = 5*m(c) + 3*p(c). Let b be g(-1). Suppose b = 14*w - 6203 + 1261. Is w prime?
True
Let s be (2 - 1)/((-6)/462*-7). Suppose -3*h - 43 = 2*l, -3*h + s = l + 34. Is 4/1*(-7025)/l composite?
True
Let s(t) = 10*t - 199. Let k be s(20). Is (-48)/64 + k*124366/8 a composite number?
True
Let w = 50 - 43. Suppose 0 = w*g - 10*g + 7815. Suppose -8*l + 3*l = -g. Is l a prime number?
True
Suppose 74*o + 92*o - 188*o + 277266 = 0. Is o a composite number?
True
Let i = -58161 + 130102. Is i a composite number?
False
Suppose 285*b - 42008 = 293*b. Let f = b - -7610. Is f composite?
True
Let m(h) = -2*h + 81. Let r be m(23). Let t = -32 + r. Suppose -1189 + 6322 = t*j. Is j a composite number?
True
Let x(q) = 3*q - 23. Let k be x(6). Let a(z) = 517*z**2 - 6*z - 14. Is a(k) a composite number?
False
Suppose 7 = -2*y + 11. Suppose -y = -0*k + k. Is (k + 3)*126 + -3 composite?
True
Let l be 0 + 5/15 - (-119)/3. Suppose -3 = y - l. Suppose 36*d - y*d + 65 = 0. Is d a prime number?
False
Suppose -5*i - 37 = 7*b - 9*b, 0 = -5*b + 5*i + 55. Suppose -3*w - 2*s + b = 2, -8 = 5*w - 4*s. Suppose r - 2951 + 590 = w. Is r a composite number?
True
Let i(j) = 2*j**2 + 6*j - 12. Let l be i(5). Suppose -l*d + 6426 = -65*d. Suppose -2*b - 4*k = -7*k - 2140, 0 = -2*b + 2*k + d. Is b composite?
True
Let a = 217 - 219. Is a*(-9)/(-12)*(-117204)/18 a composite number?
False
Let r(f) = -f**2 - 11*f - 18. Suppose 3*a = -5*o - 55, -o + a - 1 = 2. Let p be r(o). Suppose c = -p*c + 2149. Is c a prime number?
True
Suppose -23*t = 78*t - 2585927 - 1622642. Is t a composite number?
False
Let s(q) = -28*q - 16. Suppose 5*k - 2*t - 29 = 0, 0*t = -3*k + 4*t + 9. Let i be s(k). Let z = i + 465. Is z a prime number?
False